m(c) = 2*c**2 + 2656*c - 10660. Determine m(4).
-4
Let j(t) = -5604*t - 308228. Calculate j(-55).
-8
Let o(s) = 319*s - 11146. Calculate o(35).
19
Let t(m) = -5283*m + 74193. Give t(14).
231
Let x(d) = d**2 - 138*d - 4846. Determine x(167).
-3
Let y(a) = 2466*a - 2584. Calculate y(1).
-118
Let w(s) = s**3 - 111*s**2 - 2621*s + 108. Determine w(131).
-23
Let i(w) = -w**3 - 8*w**2 - 8017*w - 56062. Give i(-7).
8
Let t(s) = s**3 - 18*s**2 - 154*s - 163. Determine t(-5).
32
Let t(g) = 4388*g + 627480. Calculate t(-143).
-4
Let c(x) = 2*x**2 - 847*x + 89962. Determine c(224).
586
Let a(g) = 2*g**2 - 219*g - 1719. Give a(-22).
4067
Let w(h) = 2*h**3 + 5*h**2 - 239*h - 630. Determine w(0).
-630
Let l(u) = -1680*u - 9978. What is l(-6)?
102
Let o(v) = -10057*v + 110621. Calculate o(11).
-6
Let o(u) = 32*u + 6505. What is o(-199)?
137
Let o(c) = -431*c - 90. What is o(2)?
-952
Let t(n) = -2*n**3 - 38*n**2 + 24*n + 311. What is t(-19)?
-145
Let c(m) = 382*m**3 + 5*m**2 - 11*m - 10. Determine c(-1).
-376
Let d(h) = 70*h**2 - 1985*h + 12201. Determine d(9).
6
Let a(k) = -10307*k - 391538. Calculate a(-38).
128
Let c(p) = -3*p**2 - 183*p + 6108. Determine c(-85).
-12
Let d(n) = -11*n**2 - 165*n - 2701. Determine d(-9).
-2107
Let u(w) = -446*w**2 - 4532*w - 902. Determine u(-10).
-182
Let s(t) = -t**3 + 81*t**2 - 72*t - 386. Calculate s(80).
254
Let d(j) = -219677*j + 5491920. Calculate d(25).
-5
Let p(n) = -2*n**3 - 389*n**2 - 16826*n + 588. Calculate p(-65).
3
Let q(n) = 809*n - 151980. Calculate q(188).
112
Let p(d) = 2857*d + 41004. Determine p(-14).
1006
Let c(r) = 202*r**3 + 9086*r**2 - 184*r - 185. Calculate c(-45).
-5
Let r(i) = 2*i**2 + 79*i - 749. Give r(-44).
-353
Let m(c) = 11065*c + 43307. Calculate m(-4).
-953
Let p(a) = 2*a**2 + 51*a - 2687. Determine p(-53).
228
Let c(n) = -2*n**3 - 737*n**2 - 2548*n + 2269. Give c(-365).
-286
Let x(d) = -d**3 - 30*d**2 + 213*d + 4791. Give x(-32).
23
Let l(k) = 255*k + 19671. Give l(-80).
-729
Let p(r) = -33144*r**2 + 828613*r - 326. What is p(25)?
-1
Let x(h) = -87*h + 505. Calculate x(9).
-278
Let d(g) = 75*g**2 - 11771*g - 623. Calculate d(157).
5
Let n(b) = -15*b**3 - 77*b**2 + 267*b + 1307. Determine n(-5).
-78
Let t(z) = -z**3 + 86*z**2 - 167*z - 56. What is t(84)?
28
Let l(x) = -150*x**2 - 9045*x - 2631. Give l(-60).
69
Let o(g) = 102*g - 103. Give o(1).
-1
Let f(a) = -609*a + 214941. Calculate f(353).
-36
Let c(b) = 211575*b - 30466809. Give c(144).
-9
Let g(i) = 123410*i + 987286. What is g(-8)?
6
Let c(t) = -29*t + 201. Calculate c(42).
-1017
Let a(m) = -154*m + 1057. Determine a(4).
441
Let b(w) = -2493*w**2 + 139*w + 141. What is b(-1)?
-2491
Let q(n) = 1519*n - 5991. Give q(4).
85
Let m(v) = 2*v**2 + 503*v - 219270. Calculate m(-480).
90
Let m(g) = -2*g**3 + 1328*g**2 + 4002*g - 78. Give m(667).
-78
Let k(n) = -47150*n - 11598898. Calculate k(-246).
2
Let o(a) = a**3 + 63*a**2 + 20*a + 14. What is o(-63)?
-1246
Let q(d) = 102*d + 2232. Calculate q(-21).
90
Let w(x) = -550*x - 3882. Determine w(-8).
518
Let l(u) = u**3 + 272*u**2 + 12195*u - 12892. Calculate l(-215).
8
Let f(t) = -t**2 - 530*t - 41334. Calculate f(-95).
-9
Let m(w) = -47559*w + 2092493. What is m(44)?
-103
Let k(d) = -d**2 - 10529*d - 2719979. Calculate k(-265).
-19
Let a(t) = -5813*t + 5731621. Determine a(986).
3
Let x(q) = -q**3 + 153*q**2 - 4985*q - 133. Give x(106).
-451
Let w(f) = -60649*f + 485181. Calculate w(8).
-11
Let j(i) = 2*i**3 + 197*i**2 - 3497*i - 31. Calculate j(15).
-1411
Let f(b) = -493*b - 344538. Calculate f(-699).
69
Let x(h) = -9*h**3 - 1657*h**2 + 6575*h - 972. Determine x(-188).
-32
Let k(o) = 2643*o + 1400784. Determine k(-530).
-6
Let v(l) = -29*l**3 - 45*l**2 + 123*l - 27. Give v(-3).
-18
Let q(a) = a**3 + 32*a**2 + 540*a + 26817. Give q(-37).
-8
Let y(i) = 1626*i + 87. Determine y(0).
87
Let y(d) = -d**3 - 31*d**2 - 101*d - 2113. Calculate y(-30).
17
Let x(l) = 282131*l - 42. Calculate x(0).
-42
Let v(f) = -778*f - 26359. Calculate v(-34).
93
Let t(b) = 12800*b - 1663919. Calculate t(130).
81
Let w(v) = -6996*v + 54343. What is w(8)?
-1625
Let b(n) = 39*n**3 + 12*n**2 - 323*n + 609. What is b(2)?
323
Let h(k) = -k**2 + 128*k + 192952. Calculate h(-380).
-88
Let f(m) = 8*m**3 - 15*m**2 - 482*m + 1461. Determine f(3).
96
Let u(k) = -2*k**3 + 31*k**2 - 47*k - 30. Determine u(13).
204
Let x(w) = w**2 - 158*w - 5265. Calculate x(186).
-57
Let i(q) = -q**2 + 3639*q + 36354. Give i(-10).
-136
Let s(c) = -31*c + 1300. Give s(55).
-405
Let p(h) = -425736*h + 1702938. What is p(4)?
-6
Let c(k) = -k**3 - 8*k**2 - 169*k - 1087. Give c(-6).
-145
Let q(f) = 7*f**2 - 150*f + 365. Calculate q(22).
453
Let u(t) = 17087*t - 4186339. Determine u(245).
-24
Let l(m) = -412952*m + 2477832. Give l(6).
120
Let l(r) = 12338*r**3 + 49356*r**2 - r - 12. What is l(-4)?
56
Let a(j) = -2*j**3 - 839*j**2 + 13405*j - 34805. Calculate a(-435).
-5
Let r(f) = -3938*f - 4441. Calculate r(-1).
-503
Let g(t) = -t**2 + 1458*t + 34232. Give g(-23).
169
Let p(k) = k**3 + 18*k**2 - 538*k - 78. Determine p(-34).
-282
Let w(q) = -232875*q - 1863008. Calculate w(-8).
-8
Let s(y) = -28*y**3 - 189*y**2 + 44*y - 38. Give s(-7).
-3
Let w(n) = n**3 + 31*n**2 + 949*n + 33584. What is w(-33)?
89
Let d(s) = -416*s + 47421. Determine d(114).
-3
Let t(j) = -254*j + 16668. Determine t(57).
2190
Let b(y) = 1101*y + 215803. Calculate b(-196).
7
Let z(g) = 22*g**2 + 127*g - 1095. What is z(8)?
1329
Let r(g) = 855*g**2 - 848*g - 2. Give r(1).
5
Let i(c) = -158*c**2 - 233*c + 1592. What is i(-4)?
-4
Let d(s) = -1409*s + 24011. Give d(17).
58
Let j(n) = 2*n**3 + 277*n**2 - 141*n - 993. Determine j(-139).
-715
Let p(q) = -q**2 - 84*q - 1062. Calculate p(-20).
218
Let t(l) = l**3 - 67*l**2 + 147*l - 9525. What is t(67)?
324
Let j(m) = -159*m**3 - 6840*m**2 - 129*m + 1. Give j(-43).
1
Let v(i) = -27*i**2 - 1215*i - 47. Give v(-46).
-1289
Let v(j) = 7956*j - 95489. Calculate v(12).
-17
Let k(x) = -38*x**3 + 599*x**2 - 1812*x + 13. What is k(3)?
-1058
Let w(l) = -l**3 - 15*l**2 + 4914*l + 105. Determine w(-78).
105
Let a(n) = 1582*n - 29320. Give a(18).
-844
Let g(b) = -16*b**2 - 4641*b - 9519. Give g(-288).
-15
Let y(s) = -5*s**3 + 55*s**2 - 287*s + 824. Give y(6).
2
Let z(g) = -8*g**3 - 264*g**2 - 24*g - 114. Calculate z(-33).
678
Let t(w) = 10*w**2 + 7302*w - 102667. Determine t(-744).
5
Let d(y) = y**3 + 28*y**2 - 165*y + 368. Determine d(-34).
-958
Let w(q) = -8*q**3 - 153*q**2 + 209*q - 49. Determine w(1).
-1
Let v(s) = s**3 + 114*s**2 - 1350*s - 292. Give v(11).
-17
Let b(x) = 4*x**3 - 48*x**2 - 220*x - 21. Give b(-4).
-165
Let j(g) = 25*g**2 - 6328*g - 128382. What is j(272)?
2
Let j(c) = 178612*c - 14110347. What is j(79)?
1
Let p(o) = -164*o**3 - 38*o - 40. Give p(-1).
162
Let o(u) = 12*u**3 - 2*u**2 - 20*u + 66. What is o(3)?
312
Let d(z) = z**3 + 103*z**2 - 316*z + 1668. Determine d(-106).
1456
Let y(s) = s**2 - 49*s - 16412. Give y(-106).
18
Let m(t) = -2*t**3 + 346*t**2 + 41822*t - 398. What is m(255)?
112
Let y(j) = 10847*j - 4262907. Determine y(393).
-36
Let z(j) = j**3 - 6*j**2 - 6840*j - 10. Give z(0).
-10
Let a(f) = -5787*f + 150554. Give a(26).
92
Let v(t) = -2*t**2 + 1098*t + 2200. Give v(-2).
-4
Let w(p) = p**3 - 10*p**2 + 12936*p - 103133. Determine w(8).
227
Let r(j) = -1206*j - 49347. What is r(-41)?
99
Let w(n) = -4*n**3 + 610*n**2 - 241*n - 9559. Determine w(152).
17
Let u(t) = -104*t**2 + 196*t - 207. Determine u(2).
-231
Let f(n) = -n**2 - 55*n + 119. What is f(-56)?
63
Let r(n) = -2*n**3 + 774*n**2 + 18*n - 6850. Calculate r(387).
116
Let c(y) = y**3 + 35*y**2 + 79*y + 37. What is c(-4)?
217
Let x(b) = 6211*b + 7260665. Calculate x(-1169).
6
Let w(f) = -f**3 + 270*f**2 + 1647*f + 2497. Calculate w(276).
13
Let c(b) = 3*b**3 - 143*b**2 - 11756*b - 2601. Give c(-43).
-21
Let m(l) = -22*l**3 + 17*l**2 + 119*l + 545. Calculate m(-6).
5195
Let s(u) = -4072*u - 16462. What is s(-4)?
-174
Let a(p) = 2743*p + 13471. Determine a(-5).
-244
Let c(w) = -w**3 - 4*w**2 + 1915*w + 13266. Give c(-7).
8
Let p(k) = k**3 - 108*k**2 - 384*k + 41421. Give p(108).
-51
Let f(o) = -o**3 + 27*o**2 - 58*o - 357. Calculate f(21).
1071
Let m(t) = -3*t**3 + 26*t**2 - 167*t + 1484. Determine m(9).
-100
Let s(n) = 365*n - 39890. Determine s(109).
-105
Let x(h)